m - z. Calculate t(m).
-4
Suppose 232*v - 237*v - 60 = 0. Let u(a) = -a**3 - 12*a**2 - a + 13. Give u(v).
25
Let p(i) = -3 + 7 - 1 - i**2. Let m(s) = -s**2 + 20 - 17 + s**2 - s**2. Let k(t) = 2*m(t) - 3*p(t). Calculate k(-3).
6
Let i = 838 + -835. Let n(w) = w**3 - w**2 + w - 2. Determine n(i).
19
Let s(g) = -32*g - 223. Let i be s(-7). Let o(h) = -3*h**3 - 2*h + 1. Determine o(i).
-4
Suppose 4*s + 13 = -b + 5, 0 = -s + 2. Let v = b - -2. Let q = -20 - v. Let a(o) = -o**2 - 7*o - 7. Calculate a(q).
-1
Let k(i) = -i + 2369 - 1199 - 1197. What is k(-17)?
-10
Let v(a) = 16*a**2 - 9*a + 19*a + 3 - 15*a**2 + 6. What is v(-8)?
-7
Let c(t) = -4*t + 6. Suppose 4*v + 2*n = 74, 0 = 4*v - n + 6*n - 77. Let z(h) = 2*h - 30. Let y be z(v). Give c(y).
-18
Let p = 95 - 93. Let x(z) = -7*z**p - 6*z + 43 - 23 - 21 - z**3 + 0*z**3. Calculate x(-6).
-1
Let a(z) be the third derivative of -z**4/24 + z**3/3 - 37*z**2. Determine a(2).
0
Let m(w) = w**3 - 10*w**2 - w + 12. Suppose -5*f - 50 = -10*f. Let h be m(f). Let a(p) = 3*p**2 - 6*p - 5*p**h - 2*p**2 + 5*p**2 - 5. What is a(6)?
-5
Suppose y + 3*g = -5 + 1, -y - 4*g = 4. Let n(i) = -i**2 - 4*i + 3. Let p be n(y). Let v(a) = a**p - 3 - 4*a + 4 - 4. What is v(-2)?
-3
Let q(y) be the third derivative of 0*y + 0 - 4/3*y**3 + 4*y**2 + 1/12*y**4. Determine q(8).
8
Let r = 31 + -27. Suppose 8*j + r = 4*j. Let v be 5*(0 + (0 - j)). Let b(i) = i + 2. Give b(v).
7
Suppose 63 = -6*v + 21. Suppose 0 = 2*j + j - 6. Let x(p) = 6 + 8*p + 4 + 0*p**3 - 4*p**2 - p**3 - 2*p**j. Determine x(v).
3
Suppose -2*l + 0*w = w + 14, -3*w + 12 = 0. Let z(y) be the first derivative of -y**3/3 - 4*y**2 + 8*y + 1. Calculate z(l).
-1
Suppose 0 = 2*w - 12. Suppose -3*c + 4*c = 2*r - 3, 0 = -c + 5*r + w. Let j(z) = -z**2 - 8*z + 3. Calculate j(c).
-6
Let s(g) = -g - 11. Suppose -48*x + 52*x = 12. Give s(x).
-14
Let z(t) = t**3 - 2*t**2 - 4. Let m be z(3). Let h(o) be the first derivative of o**2/2 - 9*o + 9. Give h(m).
-4
Let a(r) = 2*r**2 + 5*r - 4. Let k be a(1). Suppose 0 = -f - k*y - 7, -y = 5. Let j(x) = -x - 2. Give j(f).
-10
Let n(x) be the second derivative of -x**8/6720 + x**7/630 - x**6/360 + x**5/60 + x**4/4 - 8*x. Let l(h) be the third derivative of n(h). Give l(3).
5
Let h(m) = m - 2 + 12 + 3*m - 9 + m**2 + 3. Suppose -2*r + 30 = -3*t + r, -3*t - 2*r = 5. Calculate h(t).
9
Let t(y) = -33*y**2 - 6*y - 7. Let p(f) = -53*f**2 - 9*f - 11. Let z(r) = -5*p(r) + 8*t(r). Let m be 0 + (4 - (-2 - -4)). Calculate z(m).
-3
Let k(j) = 6*j + 11 - 27 + 16 + 5*j. What is k(2)?
22
Let j(t) = 272*t**3 + 4 - 273*t**3 + 7*t**2 - 3*t - t + 5. Let w = -1 + 7. Determine j(w).
21
Let z(v) = -v**3 + 1. Let a(g) = -4*g**3 + g. Let i(d) = -a(d) + z(d). Let h be i(1). Let f(p) = -41 + p**2 + h*p + 40 - 7*p + p. Calculate f(4).
3
Let x(g) = g**3 + 3*g**2 - 4*g - 6. Let a be x(-4). Let m be 38/(-4) - a/(-12). Let f = -16 - m. Let l(v) = v**3 + 5*v**2 - 7*v - 8. Give l(f).
-2
Let d be 252/42*(-3)/(-2). Let o(n) = -n**2 + 12*n - 11. Determine o(d).
16
Let f = 1581 - 1587. Let a(h) = 7*h + 19. Give a(f).
-23
Let n(u) = -u**3 - 3*u**3 - u**2 + u**3. Let s be (-46)/(-7) + (-3)/(-7). Suppose t + 8 = -s*t. Determine n(t).
2
Let a(r) = r. Suppose 4*k = 70 + 46. Let d = -29 + k. Determine a(d).
0
Let c(k) = -k**2 + 7*k - 8. Suppose 0 = 3*q - 7*v + 3*v - 112, -16 = 4*v. Suppose 0 = 2*t + 2*t - 5*z + q, 2*t + 4*z = 10. Let w be (t + -1)*3/(-2). Give c(w).
-2
Let c(i) = -5*i**2 - 2*i**2 - 3*i**2 - 1 + 2*i + 4*i**2 + 0*i**2. Calculate c(1).
-5
Let g(f) be the second derivative of -f**5/20 - f**4/6 + 2*f**3/3 - f**2 + 2*f. Calculate g(2).
-10
Let y be (-6)/(-4)*(-8)/(-3). Let s(b) = 3*b + 52. Let i be s(-16). Let v(o) = -o + y - i. Calculate v(-1).
1
Let v(m) = m**3 - m - 1. Let x(b) = -4*b**3 - 4*b**2 + 6*b + 5. Let w(s) = -3*v(s) - x(s). Suppose 810 + 297 = 9*a. Let k = a + -127. Calculate w(k).
10
Let n(z) be the second derivative of z**3/3 - 13*z**2/2 - 157*z. Determine n(10).
7
Suppose -2*n + 15 = 3*n. Let r(l) = -2 + 9*l - 4*l - 7*l. Calculate r(n).
-8
Let d(h) = -8*h**3 + h - 1. Let b be d(-1). Let t = b + 3. Let y(n) = -n**2 + 8*n + 3. Give y(t).
-6
Suppose -o = -5*h + 16, 46*h = -4*o + 49*h - 64. Let z(p) = p**2 + 15*p + 14. What is z(o)?
30
Let u(k) = k**2 - 7*k - 5. Let a(s) = -3*s**2 + 21*s + 15. Suppose -35 = -5*h + 5*i + 5, 0 = i + 5. Let l(g) = h*a(g) + 8*u(g). Calculate l(7).
5
Let i be 0 + (4/(-2) + 2)/(-6). Let z(d) = 5 + 6 + 1 - d. What is z(i)?
12
Let a be (-22)/10 + 2/10. Let o be 12/9 + a/(-3). Let l(b) = 3*b**2 - 2*b**2 - 4*b**2 + 4*b**3 - 2*b**3. Determine l(o).
4
Let b(j) = 2*j + 17. Let n be b(11). Let h = n + -36. Let f(y) = y**3 - 4*y**2 + 2*y - 2. What is f(h)?
-5
Let f(h) = -h**2 + 10*h - 16. Let a be f(8). Let k(u) = u**3 + u**2 - u + 16. Calculate k(a).
16
Let y(i) = 1 + 0 + 0*i - i. Let l be y(2). Let q(c) be the third derivative of c**4/3 - c**3/6 - 148*c**2. Give q(l).
-9
Let c(s) = s + 6. Suppose 0 = -3*f + 5*x + 35, 6*x = -3*f + 10*x + 40. Let z = 1 + 4. Suppose -z*i + f = -i. What is c(i)?
11
Let u(g) be the second derivative of -7*g + 1/6*g**3 + 2*g**2 + 0 + 1/3*g**4 + 1/20*g**5. Suppose 0 = -q - 5*o + 11, -4*q - 4*o = -9*o + 31. What is u(q)?
0
Let o(c) be the third derivative of c**3 + 0 - 1/24*c**4 + 0*c + 7*c**2. Let k = -9 + 12. Determine o(k).
3
Let d(b) = b**2 - 7*b + 3. Suppose 3*z = 5*z + 2. Let r be 70/2 - (-1 - z). Suppose 4*n - r = -3*n. Calculate d(n).
-7
Let t = -223/4 - -56. Let m(s) be the first derivative of 9 + 3*s**2 + 7*s + 2*s**3 + t*s**4. What is m(-5)?
2
Let h(g) be the second derivative of g**4/12 - g**3 + g**2 + 5*g + 1. Give h(5).
-3
Suppose -10*g + 23 = -5*g - 4*i, -5*i = -5*g + 20. Let a(z) = z**3 - 7*z**2 + 3*z + 8 + 2*z**2 - g. Calculate a(4).
-3
Let y(l) = 1 + l + 21*l**2 - 2 - 7 + 8. What is y(-1)?
20
Suppose -j = -0 - 4. Suppose j*d - o + 10 = -7, 3*d + 9 = -3*o. Let p(v) = -v**2 - 6*v - 10. Let b be p(d). Let z(u) = 3*u + 1. What is z(b)?
-5
Let s(z) = z**3 - 2*z**2 + 1. Let v be (-1)/((-2)/(-8))*6/(-12). Calculate s(v).
1
Let p(n) = -11 + 294*n + 5 - 290*n. What is p(3)?
6
Let x(s) = -156 + 17*s - 10*s + 150 - 3*s. What is x(2)?
2
Let l(f) be the third derivative of 0 + 10*f**2 + 7/60*f**5 - 7/24*f**4 + 1/120*f**6 - 1/6*f**3 + 0*f. Calculate l(-8).
-9
Suppose -3*b = -2*b + 4. Let n = -7 + 9. Let c(i) = 6*i**2 - 7*i - 7*i**2 - n - 1. What is c(b)?
9
Let t(w) = 4*w - 8. Let v(r) = -r**2 - 15*r + 37. Let n be v(-17). Let l be t(n). Let o(j) = -2*j - 2. Determine o(l).
-10
Suppose 1 = -3*f + 7. Suppose -f*j = 5*s - 21, 0*j = 5*s + 3*j - 19. Let x(v) = -v**3 + 6*v**2 - 7*v + 5. Give x(s).
-5
Let d(r) = -6 - 4 + 4*r - 4*r + r + 5. Give d(-9).
-14
Let r = -35 + 42. Let k(p) = 3*p + 11. Let f(w) = w + 4. Let a(b) = -8*f(b) + 3*k(b). Calculate a(r).
8
Let h(a) = -1 + 22 + 4 - 11 + 5*a + 0. Give h(-5).
-11
Let w(n) = 20*n**3 + 11*n + 5. Let k(f) = -37*f**3 - f**2 - 20*f - 9. Let v(j) = -6*k(j) - 11*w(j). What is v(-3)?
2
Let b(v) be the first derivative of -1/4*v**4 - 2*v**2 + 7/3*v**3 - 4 - 5*v. Give b(6).
7
Let t = 3 + -2. Let f(m) = 4 - 1 - 3 - m + t. Determine f(4).
-3
Let c(n) = -n + 2. Let w(l) = -l**3 + l**2 + l. Let r be w(0). Suppose 5*q - 4 - 6 = r. Determine c(q).
0
Let s(g) = -g**2 + 13*g + 8. Let w = -3036 - -3047. Calculate s(w).
30
Suppose 0 = 3*r + r. Suppose 4*a + 2*i = -r*a + 12, -i + 16 = 4*a. Suppose 8 - 23 = a*q. Let o(w) = w**2 + 2*w. Calculate o(q).
3
Let q = -5 - 4. Let k = 10 + q. Let j = k + -3. Let m(z) = -z**2 - 2*z - 2. Determine m(j).
-2
Suppose -9*f + 11*f = 16. Let l be 21/5 - f/(-10). Let o(a) be the third derivative of a**6/120 - a**5/12 - 5*a**3/6 + 4*a**2. What is o(l)?
-5
Let h(p) be the first derivative of -3/2*p**2 - 12 - 2*p. Give h(-6).
16
Let q(y) = 0*y - 3 + 1 + y**2 + 5*y + 0*y**2. Let h(f) = 2*f**2 - 24*f - 9. Let m be h(13). Suppose 3*i + 13 = -2*t, 5*i - 3*i = -3*t - m. Determine q(t).
-2
Let g = 420 + -416. Let h(i) = -3*i + 0*i**3 + 5*i - 4*i**2 - 2 - 4*i**3 + 5*i**3. What is h(g)?
6
Let q = 6 + -11. Let u(a) be the third derivative of -a**5/60 - a**4/4 - a**3/6 - 223*a**2. What is u(q)?
4
Let b(c) = c**3 + 5*c**2 - c + 22. Let a be b(-6). Let y(h) = h**3 + 9*h**2 + 5*h - 6. Determine y(a).
18
Let u be ((-3)/6)/(1/(-70)). Suppose 6 = 37*i - u*i. Let b(z) = 10*z